{"id":9315,"date":"2025-12-18T19:40:48","date_gmt":"2025-12-18T18:40:48","guid":{"rendered":"https:\/\/marketplacesummit.hu\/?post_type=evacon_speaker&#038;p=9315"},"modified":"2026-01-15T18:41:42","modified_gmt":"2026-01-15T17:41:42","slug":"ondrej-rada","status":"publish","type":"evacon_speaker","link":"https:\/\/marketplacesummit.hu\/en\/speaker\/ondrej-rada\/","title":{"rendered":"Ond\u0159ej Rada"},"content":{"rendered":"\n<p><\/p>\n\n\n\n<p><\/p>\n","protected":false},"featured_media":9455,"template":"","evacon_speaker_category":[],"class_list":["post-9315","evacon_speaker","type-evacon_speaker","status-publish","has-post-thumbnail","hentry","have-post-thumb"],"yoast_head":"<!-- This site is optimized with the Yoast SEO plugin v23.7 - https:\/\/yoast.com\/wordpress\/plugins\/seo\/ -->\n<title>Ond\u0159ej Rada - Marketplace &amp; Cross- Border Summit Budapest<\/title>\n<meta name=\"robots\" content=\"index, follow, max-snippet:-1, max-image-preview:large, max-video-preview:-1\" \/>\n<link rel=\"canonical\" href=\"https:\/\/marketplacesummit.hu\/en\/speaker\/ondrej-rada\/\" \/>\n<meta property=\"og:locale\" content=\"en_GB\" \/>\n<meta property=\"og:type\" content=\"article\" \/>\n<meta property=\"og:title\" content=\"Ond\u0159ej Rada - Marketplace &amp; Cross- Border Summit Budapest\" \/>\n<meta property=\"og:url\" content=\"https:\/\/marketplacesummit.hu\/en\/speaker\/ondrej-rada\/\" \/>\n<meta property=\"og:site_name\" content=\"Marketplace &amp; Cross- Border Summit Budapest\" \/>\n<meta property=\"article:modified_time\" content=\"2026-01-15T17:41:42+00:00\" \/>\n<meta property=\"og:image\" content=\"https:\/\/marketplacesummit.hu\/wp-content\/uploads\/Nevtelen-600-x-600-keppont-1.png\" \/>\n\t<meta property=\"og:image:width\" content=\"600\" \/>\n\t<meta property=\"og:image:height\" content=\"600\" \/>\n\t<meta property=\"og:image:type\" content=\"image\/png\" \/>\n<meta name=\"twitter:card\" content=\"summary_large_image\" \/>\n<meta name=\"twitter:label1\" content=\"Estimated reading time\" \/>\n\t<meta name=\"twitter:data1\" content=\"1 minute\" \/>\n<script type=\"application\/ld+json\" class=\"yoast-schema-graph\">{\"@context\":\"https:\/\/schema.org\",\"@graph\":[{\"@type\":\"WebPage\",\"@id\":\"https:\/\/marketplacesummit.hu\/speaker\/ondrej-rada\/\",\"url\":\"https:\/\/marketplacesummit.hu\/speaker\/ondrej-rada\/\",\"name\":\"Ond\u0159ej Rada - Marketplace &amp; Cross- Border Summit Budapest\",\"isPartOf\":{\"@id\":\"https:\/\/marketplacesummit.hu\/#website\"},\"primaryImageOfPage\":{\"@id\":\"https:\/\/marketplacesummit.hu\/speaker\/ondrej-rada\/#primaryimage\"},\"image\":{\"@id\":\"https:\/\/marketplacesummit.hu\/speaker\/ondrej-rada\/#primaryimage\"},\"thumbnailUrl\":\"https:\/\/marketplacesummit.hu\/wp-content\/uploads\/Nevtelen-600-x-600-keppont-1.png\",\"datePublished\":\"2025-12-18T18:40:48+00:00\",\"dateModified\":\"2026-01-15T17:41:42+00:00\",\"breadcrumb\":{\"@id\":\"https:\/\/marketplacesummit.hu\/speaker\/ondrej-rada\/#breadcrumb\"},\"inLanguage\":\"en-GB\",\"potentialAction\":[{\"@type\":\"ReadAction\",\"target\":[\"https:\/\/marketplacesummit.hu\/speaker\/ondrej-rada\/\"]}]},{\"@type\":\"ImageObject\",\"inLanguage\":\"en-GB\",\"@id\":\"https:\/\/marketplacesummit.hu\/speaker\/ondrej-rada\/#primaryimage\",\"url\":\"https:\/\/marketplacesummit.hu\/wp-content\/uploads\/Nevtelen-600-x-600-keppont-1.png\",\"contentUrl\":\"https:\/\/marketplacesummit.hu\/wp-content\/uploads\/Nevtelen-600-x-600-keppont-1.png\",\"width\":600,\"height\":600},{\"@type\":\"BreadcrumbList\",\"@id\":\"https:\/\/marketplacesummit.hu\/speaker\/ondrej-rada\/#breadcrumb\",\"itemListElement\":[{\"@type\":\"ListItem\",\"position\":1,\"name\":\"Kezd\u0151lap\",\"item\":\"https:\/\/marketplacesummit.hu\/\"},{\"@type\":\"ListItem\",\"position\":2,\"name\":\"Speakers\",\"item\":\"https:\/\/marketplacesummit.hu\/speaker\/\"},{\"@type\":\"ListItem\",\"position\":3,\"name\":\"Ond\u0159ej Rada\"}]},{\"@type\":\"WebSite\",\"@id\":\"https:\/\/marketplacesummit.hu\/#website\",\"url\":\"https:\/\/marketplacesummit.hu\/\",\"name\":\"Marketplace &amp; Cross- Border Summit Budapest\",\"description\":\"Magyarorsz\u00e1g legels\u0151 marketplace f\u00f3kusz\u00fa konferenci\u00e1ja\",\"potentialAction\":[{\"@type\":\"SearchAction\",\"target\":{\"@type\":\"EntryPoint\",\"urlTemplate\":\"https:\/\/marketplacesummit.hu\/?s={search_term_string}\"},\"query-input\":{\"@type\":\"PropertyValueSpecification\",\"valueRequired\":true,\"valueName\":\"search_term_string\"}}],\"inLanguage\":\"en-GB\"}]}<\/script>\n<!-- \/ Yoast SEO plugin. -->","yoast_head_json":{"title":"Ond\u0159ej Rada - Marketplace &amp; Cross- Border Summit Budapest","robots":{"index":"index","follow":"follow","max-snippet":"max-snippet:-1","max-image-preview":"max-image-preview:large","max-video-preview":"max-video-preview:-1"},"canonical":"https:\/\/marketplacesummit.hu\/en\/speaker\/ondrej-rada\/","og_locale":"en_GB","og_type":"article","og_title":"Ond\u0159ej Rada - Marketplace &amp; Cross- Border Summit Budapest","og_url":"https:\/\/marketplacesummit.hu\/en\/speaker\/ondrej-rada\/","og_site_name":"Marketplace &amp; Cross- Border Summit Budapest","article_modified_time":"2026-01-15T17:41:42+00:00","og_image":[{"width":600,"height":600,"url":"https:\/\/marketplacesummit.hu\/wp-content\/uploads\/Nevtelen-600-x-600-keppont-1.png","type":"image\/png"}],"twitter_card":"summary_large_image","twitter_misc":{"Estimated reading time":"1 minute"},"schema":{"@context":"https:\/\/schema.org","@graph":[{"@type":"WebPage","@id":"https:\/\/marketplacesummit.hu\/speaker\/ondrej-rada\/","url":"https:\/\/marketplacesummit.hu\/speaker\/ondrej-rada\/","name":"Ond\u0159ej Rada - Marketplace &amp; Cross- Border Summit Budapest","isPartOf":{"@id":"https:\/\/marketplacesummit.hu\/#website"},"primaryImageOfPage":{"@id":"https:\/\/marketplacesummit.hu\/speaker\/ondrej-rada\/#primaryimage"},"image":{"@id":"https:\/\/marketplacesummit.hu\/speaker\/ondrej-rada\/#primaryimage"},"thumbnailUrl":"https:\/\/marketplacesummit.hu\/wp-content\/uploads\/Nevtelen-600-x-600-keppont-1.png","datePublished":"2025-12-18T18:40:48+00:00","dateModified":"2026-01-15T17:41:42+00:00","breadcrumb":{"@id":"https:\/\/marketplacesummit.hu\/speaker\/ondrej-rada\/#breadcrumb"},"inLanguage":"en-GB","potentialAction":[{"@type":"ReadAction","target":["https:\/\/marketplacesummit.hu\/speaker\/ondrej-rada\/"]}]},{"@type":"ImageObject","inLanguage":"en-GB","@id":"https:\/\/marketplacesummit.hu\/speaker\/ondrej-rada\/#primaryimage","url":"https:\/\/marketplacesummit.hu\/wp-content\/uploads\/Nevtelen-600-x-600-keppont-1.png","contentUrl":"https:\/\/marketplacesummit.hu\/wp-content\/uploads\/Nevtelen-600-x-600-keppont-1.png","width":600,"height":600},{"@type":"BreadcrumbList","@id":"https:\/\/marketplacesummit.hu\/speaker\/ondrej-rada\/#breadcrumb","itemListElement":[{"@type":"ListItem","position":1,"name":"Kezd\u0151lap","item":"https:\/\/marketplacesummit.hu\/"},{"@type":"ListItem","position":2,"name":"Speakers","item":"https:\/\/marketplacesummit.hu\/speaker\/"},{"@type":"ListItem","position":3,"name":"Ond\u0159ej Rada"}]},{"@type":"WebSite","@id":"https:\/\/marketplacesummit.hu\/#website","url":"https:\/\/marketplacesummit.hu\/","name":"Marketplace &amp; Cross- Border Summit Budapest","description":"Magyarorsz\u00e1g legels\u0151 marketplace f\u00f3kusz\u00fa konferenci\u00e1ja","potentialAction":[{"@type":"SearchAction","target":{"@type":"EntryPoint","urlTemplate":"https:\/\/marketplacesummit.hu\/?s={search_term_string}"},"query-input":{"@type":"PropertyValueSpecification","valueRequired":true,"valueName":"search_term_string"}}],"inLanguage":"en-GB"}]}},"_links":{"self":[{"href":"https:\/\/marketplacesummit.hu\/en\/wp-json\/wp\/v2\/evacon_speaker\/9315","targetHints":{"allow":["GET"]}}],"collection":[{"href":"https:\/\/marketplacesummit.hu\/en\/wp-json\/wp\/v2\/evacon_speaker"}],"about":[{"href":"https:\/\/marketplacesummit.hu\/en\/wp-json\/wp\/v2\/types\/evacon_speaker"}],"wp:featuredmedia":[{"embeddable":true,"href":"https:\/\/marketplacesummit.hu\/en\/wp-json\/wp\/v2\/media\/9455"}],"wp:attachment":[{"href":"https:\/\/marketplacesummit.hu\/en\/wp-json\/wp\/v2\/media?parent=9315"}],"wp:term":[{"taxonomy":"evacon_speaker_category","embeddable":true,"href":"https:\/\/marketplacesummit.hu\/en\/wp-json\/wp\/v2\/evacon_speaker_category?post=9315"}],"curies":[{"name":"wp","href":"https:\/\/api.w.org\/{rel}","templated":true}]}}

Ondřej Rada

<!-- This site is optimized with the Yoast SEO plugin v23.7 - https://yoast.com/wordpress/plugins/seo/ -->
<title>Ondřej Rada - Marketplace &amp; Cross- Border Summit Budapest</title>
<meta name="robots" content="index, follow, max-snippet:-1, max-image-preview:large, max-video-preview:-1" />
<link rel="canonical" href="https://marketplacesummit.hu/en/speaker/ondrej-rada/" />
<meta property="og:locale" content="en_GB" />
<meta property="og:type" content="article" />
<meta property="og:title" content="Ondřej Rada - Marketplace &amp; Cross- Border Summit Budapest" />
<meta property="og:url" content="https://marketplacesummit.hu/en/speaker/ondrej-rada/" />
<meta property="og:site_name" content="Marketplace &amp; Cross- Border Summit Budapest" />
<meta property="article:modified_time" content="2026-01-15T17:41:42+00:00" />
<meta property="og:image" content="https://marketplacesummit.hu/wp-content/uploads/Nevtelen-600-x-600-keppont-1.png" />
	<meta property="og:image:width" content="600" />
	<meta property="og:image:height" content="600" />
	<meta property="og:image:type" content="image/png" />
<meta name="twitter:card" content="summary_large_image" />
<meta name="twitter:label1" content="Estimated reading time" />
	<meta name="twitter:data1" content="1 minute" />
<script type="application/ld+json" class="yoast-schema-graph">{"@context":"https://schema.org","@graph":[{"@type":"WebPage","@id":"https://marketplacesummit.hu/speaker/ondrej-rada/","url":"https://marketplacesummit.hu/speaker/ondrej-rada/","name":"Ondřej Rada - Marketplace &amp; Cross- Border Summit Budapest","isPartOf":{"@id":"https://marketplacesummit.hu/#website"},"primaryImageOfPage":{"@id":"https://marketplacesummit.hu/speaker/ondrej-rada/#primaryimage"},"image":{"@id":"https://marketplacesummit.hu/speaker/ondrej-rada/#primaryimage"},"thumbnailUrl":"https://marketplacesummit.hu/wp-content/uploads/Nevtelen-600-x-600-keppont-1.png","datePublished":"2025-12-18T18:40:48+00:00","dateModified":"2026-01-15T17:41:42+00:00","breadcrumb":{"@id":"https://marketplacesummit.hu/speaker/ondrej-rada/#breadcrumb"},"inLanguage":"en-GB","potentialAction":[{"@type":"ReadAction","target":["https://marketplacesummit.hu/speaker/ondrej-rada/"]}]},{"@type":"ImageObject","inLanguage":"en-GB","@id":"https://marketplacesummit.hu/speaker/ondrej-rada/#primaryimage","url":"https://marketplacesummit.hu/wp-content/uploads/Nevtelen-600-x-600-keppont-1.png","contentUrl":"https://marketplacesummit.hu/wp-content/uploads/Nevtelen-600-x-600-keppont-1.png","width":600,"height":600},{"@type":"BreadcrumbList","@id":"https://marketplacesummit.hu/speaker/ondrej-rada/#breadcrumb","itemListElement":[{"@type":"ListItem","position":1,"name":"Kezdőlap","item":"https://marketplacesummit.hu/"},{"@type":"ListItem","position":2,"name":"Speakers","item":"https://marketplacesummit.hu/speaker/"},{"@type":"ListItem","position":3,"name":"Ondřej Rada"}]},{"@type":"WebSite","@id":"https://marketplacesummit.hu/#website","url":"https://marketplacesummit.hu/","name":"Marketplace &amp; Cross- Border Summit Budapest","description":"Magyarország legelső marketplace fókuszú konferenciája","potentialAction":[{"@type":"SearchAction","target":{"@type":"EntryPoint","urlTemplate":"https://marketplacesummit.hu/?s={search_term_string}"},"query-input":{"@type":"PropertyValueSpecification","valueRequired":true,"valueName":"search_term_string"}}],"inLanguage":"en-GB"}]}</script>
<!-- / Yoast SEO plugin. -->

Ondřej Rada - Marketplace &amp; Cross- Border Summit Budapest

Kezdőlap

Magyarország legelső marketplace fókuszú konferenciája
